{"id":552,"date":"2016-12-23T10:46:16","date_gmt":"2016-12-23T09:46:16","guid":{"rendered":"http:\/\/www.lacabanademozoncillo.es\/sp\/?page_id=552"},"modified":"2016-12-23T11:00:32","modified_gmt":"2016-12-23T10:00:32","slug":"pineda-de-la-sierra-y-pico-mencilla","status":"publish","type":"page","link":"https:\/\/www.lacabanademozoncillo.es\/sp\/pineda-de-la-sierra-y-pico-mencilla\/","title":{"rendered":"Pineda de la Sierra y Pico Mencilla"},"content":{"rendered":"<p>A pie.<br \/>\nDificultad: alta.<br \/>\nDistancia aprox.: 18,5 km.<br \/>\nDuraci\u00f3n aprox: 6h. 45min.<br \/>\nCota M\u00e1x.: 1.932 m. Pico Mencilla.<br \/>\nCota Min.: 990m. cercan\u00edas de Pineda.<\/p>\n<p><strong><span style=\"color: #993300;\">Inter\u00e9s<\/span><\/strong>: Complejo arquitect\u00f3nico bien conservado con casonas t\u00edpicas, destacando la iglesia rom\u00e1nica. <span style=\"color: #993300;\">Bosques<\/span> de frondosas de gran valor ecol\u00f3gico. <span style=\"color: #993300;\">Pinares<\/span> de repoblaci\u00f3n de inter\u00e9s. Formaciones de origen glaciar caracter\u00edsticas. <strong><em><span style=\"color: #993300;\">A tener en cuenta<\/span><\/em><\/strong>: Se trata de una ruta larga y con fuertes pendientes. Precauci\u00f3n en el descenso desde la Sierra por la pista de esqu\u00ed. En invierno debido a la presencia de hielo y nieve s\u00f3lo est\u00e1 recomendada para monta\u00f1eros experimentados.<\/p>\n<p>El recorrido propuesto a continuaci\u00f3n discurre \u00edntegramente dentro de la <span style=\"color: #993300;\">Reserva Regional de Caza y del Espacio Natural de la Sierra de la Demanda<\/span>. Una zona que atesora inigualables atractivos, por lo que el esfuerzo de algo m\u00e1s de 6 horas de marcha que requiere su realizaci\u00f3n se ver\u00e1 plenamente recompensado.<\/p>\n<p>As\u00ed, desde Pineda de la Sierra hasta el pico <span style=\"color: #993300;\">Mencilla<\/span>, disfrutaremos de uno de los pueblos mejor conservados de toda la comarca y su rico pasado hist\u00f3rico, de los espectaculares paisajes cuajados de vegetaci\u00f3n que lo rodean y la fauna que habita en ellos, y de impresionantes vistas y formaciones geol\u00f3gicas interesantes.<\/p>\n<p>Para ponernos en ruta nos encaminamos hacia la <span style=\"color: #993300;\">ermita de El Cristo<\/span> situada al suroeste del pueblo cruzando el puente sobre el Arlanz\u00f3n. Pasada la ermita, continuamos por un camino que se dirige hacia la derecha, paralelo al r\u00edo, coincidiendo con el antiguo trazado del ferrocarril minero. No deben despistarnos los desv\u00edos que surgir\u00e1n por nuestra izquierda.<\/p>\n<p>En esta parte del recorrido predominan los robles, y arbustos como el majuelo, el rosal silvestre y el acebo, especie protegida de cuyos frutos oto\u00f1ales dependen numerosas especies animales. Mientras, en el Arlanz\u00f3n, abundan los sauces, y en el mismo cauce podremos sorprender al mirlo acu\u00e1tico o contemplar las siluetas de alg\u00fan grupo de truchas.<\/p>\n<p>Seguidamente cruzamos el <span style=\"color: #993300;\">arroyo San Llorente<\/span>, que vierte en el Arlanz\u00f3n las aguas de los manantiales cercanos al pico Riscal, para despu\u00e9s, a pocos metros, abandonar el trazado del ferrocarril, tomando el camino que surge a nuestra izquierda, y que paralelo al cauce del arroyo y a una hilera de chopos que crece junto a una linde de piedra, nos lleva hacia la Sierra.<\/p>\n<p>En estas zonas de pie de monte, todav\u00eda se escuchan las voces y silbidos de pastores conduciendo los reba\u00f1os de ovejas entre los pastos y las tenadas. M\u00e1s arriba hallaremos dos de estas construcciones, la primera es m\u00e1s bien una nave ganadera a la que se accede por un desv\u00edo a la izquierda que ignoraremos, y la segunda es la <span style=\"color: #993300;\">tenada de la Cabezada<\/span> que a\u00fan conserva el encanto y rusticidad que dan materiales como la piedra y la madera.<\/p>\n<p>Continuamos, dejando la tenada a nuestra izquierda, ascendiendo entre rebollares. Despu\u00e9s de caminar aproximadamente 1 km. descubriremos un claro desde el que se divisan hacia el norte y de oeste a este, los <span style=\"color: #993300;\">embalses del Arlanz\u00f3n y Uzquiza<\/span>, las cumbres del Trigaza y San Mill\u00e1n, y al fondo la Demanda riojana.<\/p>\n<p>El camino termina en un cortafuegos que remontaremos pausadamente hasta la base del \u00faltimo y m\u00e1s fuerte repecho donde nos saldremos hacia la derecha por otro camino que se adentra por unos instantes en el pinar. \u00c9ste nos dejar\u00e1 en un collado situado en la parte de atr\u00e1s del Riscal a escasos 200 m. de su cima. Pocos son los \u00e1rboles que se aventuran por estas alturas, debido a las duras condiciones clim\u00e1ticas que impiden su crecimiento, configur\u00e1ndose as\u00ed el paisaje t\u00edpico de alta monta\u00f1a dominado por pastizales y afloramientos rocosos.<\/p>\n<p>Para alcanzar la cima del Mencilla, desde los 1.682m de altitud del Riscal seguiremos el cordal que une las cuatro o cinco cumbres que nos separan de ella. En el primer collado encontraremos un <span style=\"color: #993300;\">refugio de cazadores<\/span>, y es que en la espesura del bosque donde hace siglos era cazado el oso, hoy son abundantes especies cineg\u00e9ticas como el corzo, el ciervo o el jabal\u00ed.<\/p>\n<p>Despu\u00e9s de superar el v\u00e9rtice geod\u00e9sico del <span style=\"color: #993300;\">Plantizo<\/span>, situado a 1.781m, llegaremos a la siguiente cumbre donde se encuentra una peque\u00f1a caseta desde la que se puede descender buscando una peque\u00f1a senda al Area Recreativa de Fuente Esteralvo. Aunque si las fuerzas acompa\u00f1an merecer\u00e1 la pena realizar un \u00faltimo esfuerzo para ascender hasta el Mencilla.<\/p>\n<p>Tras un merecido descanso en la mejor atalaya de la sierra (1.932 m de altitud), descenderemos por el desmonte de la pista de esqu\u00ed de la <span style=\"color: #993300;\">estaci\u00f3n de Valle del Sol<\/span>, hasta el aparcamiento.<\/p>\n<p>Desde all\u00ed alcanzamos sin problema la pista que nos conducir\u00e1 al <span style=\"color: #993300;\">\u00e1rea recreativa de Fuente Esteralvo<\/span> donde a la sombra de hayas centenarias podremos descansar y coger agua.<\/p>\n<p>Retomando de nuevo la pista comenzamos a descender suavemente entre frondosos hayedos, que poco a poco ir\u00e1n dando paso al robledal hasta desembocar en la <span style=\"color: #993300;\">ermita del Santo Cristo<\/span> ya en Pineda.<\/p>\n","protected":false},"excerpt":{"rendered":"<p>A pie. Dificultad: alta. Distancia aprox.: 18,5 km. Duraci\u00f3n aprox: 6h. 45min. Cota M\u00e1x.: 1.932 m. Pico Mencilla. Cota Min.: 990m. cercan\u00edas de Pineda. Inter\u00e9s: Complejo arquitect\u00f3nico bien conservado con casonas t\u00edpicas, destacando la iglesia rom\u00e1nica. Bosques de frondosas de gran valor ecol\u00f3gico. Pinares de repoblaci\u00f3n de inter\u00e9s. Formaciones de origen glaciar caracter\u00edsticas. A tener [&hellip;]<\/p>\n","protected":false},"author":2,"featured_media":0,"parent":0,"menu_order":0,"comment_status":"closed","ping_status":"closed","template":"","meta":{"_et_pb_use_builder":"","_et_pb_old_content":"","_et_gb_content_width":"","footnotes":""},"_links":{"self":[{"href":"https:\/\/www.lacabanademozoncillo.es\/sp\/wp-json\/wp\/v2\/pages\/552"}],"collection":[{"href":"https:\/\/www.lacabanademozoncillo.es\/sp\/wp-json\/wp\/v2\/pages"}],"about":[{"href":"https:\/\/www.lacabanademozoncillo.es\/sp\/wp-json\/wp\/v2\/types\/page"}],"author":[{"embeddable":true,"href":"https:\/\/www.lacabanademozoncillo.es\/sp\/wp-json\/wp\/v2\/users\/2"}],"replies":[{"embeddable":true,"href":"https:\/\/www.lacabanademozoncillo.es\/sp\/wp-json\/wp\/v2\/comments?post=552"}],"version-history":[{"count":4,"href":"https:\/\/www.lacabanademozoncillo.es\/sp\/wp-json\/wp\/v2\/pages\/552\/revisions"}],"predecessor-version":[{"id":556,"href":"https:\/\/www.lacabanademozoncillo.es\/sp\/wp-json\/wp\/v2\/pages\/552\/revisions\/556"}],"wp:attachment":[{"href":"https:\/\/www.lacabanademozoncillo.es\/sp\/wp-json\/wp\/v2\/media?parent=552"}],"curies":[{"name":"wp","href":"https:\/\/api.w.org\/{rel}","templated":true}]}}

<p>A pie.<br />
Dificultad: alta.<br />
Distancia aprox.: 18,5 km.<br />
Duración aprox: 6h. 45min.<br />
Cota Máx.: 1.932 m. Pico Mencilla.<br />
Cota Min.: 990m. cercanías de Pineda.</p>
<p><strong><span style="color: #993300;">Interés</span></strong>: Complejo arquitectónico bien conservado con casonas típicas, destacando la iglesia románica. <span style="color: #993300;">Bosques</span> de frondosas de gran valor ecológico. <span style="color: #993300;">Pinares</span> de repoblación de interés. Formaciones de origen glaciar características. <strong><em><span style="color: #993300;">A tener en cuenta</span></em></strong>: Se trata de una ruta larga y con fuertes pendientes. Precaución en el descenso desde la Sierra por la pista de esquí. En invierno debido a la presencia de hielo y nieve sólo está recomendada para montañeros experimentados.</p>
<p>El recorrido propuesto a continuación discurre íntegramente dentro de la <span style="color: #993300;">Reserva Regional de Caza y del Espacio Natural de la Sierra de la Demanda</span>. Una zona que atesora inigualables atractivos, por lo que el esfuerzo de algo más de 6 horas de marcha que requiere su realización se verá plenamente recompensado.</p>
<p>Así, desde Pineda de la Sierra hasta el pico <span style="color: #993300;">Mencilla</span>, disfrutaremos de uno de los pueblos mejor conservados de toda la comarca y su rico pasado histórico, de los espectaculares paisajes cuajados de vegetación que lo rodean y la fauna que habita en ellos, y de impresionantes vistas y formaciones geológicas interesantes.</p>
<p>Para ponernos en ruta nos encaminamos hacia la <span style="color: #993300;">ermita de El Cristo</span> situada al suroeste del pueblo cruzando el puente sobre el Arlanzón. Pasada la ermita, continuamos por un camino que se dirige hacia la derecha, paralelo al río, coincidiendo con el antiguo trazado del ferrocarril minero. No deben despistarnos los desvíos que surgirán por nuestra izquierda.</p>
<p>En esta parte del recorrido predominan los robles, y arbustos como el majuelo, el rosal silvestre y el acebo, especie protegida de cuyos frutos otoñales dependen numerosas especies animales. Mientras, en el Arlanzón, abundan los sauces, y en el mismo cauce podremos sorprender al mirlo acuático o contemplar las siluetas de algún grupo de truchas.</p>
<p>Seguidamente cruzamos el <span style="color: #993300;">arroyo San Llorente</span>, que vierte en el Arlanzón las aguas de los manantiales cercanos al pico Riscal, para después, a pocos metros, abandonar el trazado del ferrocarril, tomando el camino que surge a nuestra izquierda, y que paralelo al cauce del arroyo y a una hilera de chopos que crece junto a una linde de piedra, nos lleva hacia la Sierra.</p>
<p>En estas zonas de pie de monte, todavía se escuchan las voces y silbidos de pastores conduciendo los rebaños de ovejas entre los pastos y las tenadas. Más arriba hallaremos dos de estas construcciones, la primera es más bien una nave ganadera a la que se accede por un desvío a la izquierda que ignoraremos, y la segunda es la <span style="color: #993300;">tenada de la Cabezada</span> que aún conserva el encanto y rusticidad que dan materiales como la piedra y la madera.</p>
<p>Continuamos, dejando la tenada a nuestra izquierda, ascendiendo entre rebollares. Después de caminar aproximadamente 1 km. descubriremos un claro desde el que se divisan hacia el norte y de oeste a este, los <span style="color: #993300;">embalses del Arlanzón y Uzquiza</span>, las cumbres del Trigaza y San Millán, y al fondo la Demanda riojana.</p>
<p>El camino termina en un cortafuegos que remontaremos pausadamente hasta la base del último y más fuerte repecho donde nos saldremos hacia la derecha por otro camino que se adentra por unos instantes en el pinar. Éste nos dejará en un collado situado en la parte de atrás del Riscal a escasos 200 m. de su cima. Pocos son los árboles que se aventuran por estas alturas, debido a las duras condiciones climáticas que impiden su crecimiento, configurándose así el paisaje típico de alta montaña dominado por pastizales y afloramientos rocosos.</p>
<p>Para alcanzar la cima del Mencilla, desde los 1.682m de altitud del Riscal seguiremos el cordal que une las cuatro o cinco cumbres que nos separan de ella. En el primer collado encontraremos un <span style="color: #993300;">refugio de cazadores</span>, y es que en la espesura del bosque donde hace siglos era cazado el oso, hoy son abundantes especies cinegéticas como el corzo, el ciervo o el jabalí.</p>
<p>Después de superar el vértice geodésico del <span style="color: #993300;">Plantizo</span>, situado a 1.781m, llegaremos a la siguiente cumbre donde se encuentra una pequeña caseta desde la que se puede descender buscando una pequeña senda al Area Recreativa de Fuente Esteralvo. Aunque si las fuerzas acompañan merecerá la pena realizar un último esfuerzo para ascender hasta el Mencilla.</p>
<p>Tras un merecido descanso en la mejor atalaya de la sierra (1.932 m de altitud), descenderemos por el desmonte de la pista de esquí de la <span style="color: #993300;">estación de Valle del Sol</span>, hasta el aparcamiento.</p>
<p>Desde allí alcanzamos sin problema la pista que nos conducirá al <span style="color: #993300;">área recreativa de Fuente Esteralvo</span> donde a la sombra de hayas centenarias podremos descansar y coger agua.</p>
<p>Retomando de nuevo la pista comenzamos a descender suavemente entre frondosos hayedos, que poco a poco irán dando paso al robledal hasta desembocar en la <span style="color: #993300;">ermita del Santo Cristo</span> ya en Pineda.</p>

<p>A pie. Dificultad: alta. Distancia aprox.: 18,5 km. Duración aprox: 6h. 45min. Cota Máx.: 1.932 m. Pico Mencilla. Cota Min.: 990m. cercanías de Pineda. Interés: Complejo arquitectónico bien conservado con casonas típicas, destacando la iglesia románica. Bosques de frondosas de gran valor ecológico. Pinares de repoblación de interés. Formaciones de origen glaciar características. A tener [&hellip;]</p>
